, 3, 5
Let r = 1462 + -1021. Suppose 14*t - r = 7*t. Let k = 110 - t. List the prime factors of k.
47
Let x be (-931)/(-14)*40/14. Let j = 94 + x. What are the prime factors of j?
2, 71
Let q be 27720/(-36) + 4/((-2)/2). Let f = 44 - q. List the prime factors of f.
2, 409
Let r = 166 + -303. Let j = 628 + -422. Let q = r + j. What are the prime factors of q?
3, 23
Suppose -4*y - 4*k + 1240 = 0, 2*y - 30*k - 641 = -25*k. What are the prime factors of y?
313
Suppose 18*v - 5711 - 360 = 1075. What are the prime factors of v?
397
List the prime factors of 57/30 + 14/(-35) + (-608418)/(-12).
3, 16901
Let k = -13 + 17. Let m = k - -1. Suppose -m*c + 100 - 3 = 3*z, 2*z - 3*c = 71. List the prime factors of z.
2, 17
Suppose -2*x + 2*b = -2, 5*x - 19 - 10 = -3*b. Suppose t - 24 = -4*a - 9, 4*a - 24 = -x*t. What are the prime factors of (-6)/9 + 17/a?
5
Suppose 3*h = -9 + 27. Suppose -p - h*p = 252. List the prime factors of (-54)/p*-290*1/(-3).
5, 29
Let b(t) = 15*t + 18. Suppose 3*a - 4*a + 2 = 0, 2*f + 4*a + 6 = 0. Let y be b(f). Let n = y - -158. List the prime factors of n.
71
Suppose -23901 + 923961 = 42*o. What are the prime factors of o?
2, 5, 2143
Suppose 955836 = 1421*l - 1400*l. What are the prime factors of l?
2, 3, 3793
Let p(d) = 2*d - 29. Let y be p(17). Suppose i + 2 - 7 = 0. Suppose -y*l - 17 = -2*r, -i*l = -5*r + 44 - 9. What are the prime factors of r?
2, 3
Let f(i) = 13*i**2 + 382*i + 71. What are the prime factors of f(-31)?
2, 19
Let v(c) = 91*c**2 + 24*c + 7. List the prime factors of v(4).
1559
Let n = -4081 - -2828. Let v = -615 - n. List the prime factors of v.
2, 11, 29
Let z be (88/(-10))/((-4)/(-30)). Let w = 3 - z. Let h = w + -7. List the prime factors of h.
2, 31
Let w(p) = 6*p**2 - 9*p + 7. Let q be w(13). Let v = 2012 - q. What are the prime factors of v?
2, 277
Suppose -38*u = -f - 37*u - 2850, -4*u = f + 2865. Let g = f + 4316. List the prime factors of g.
7, 11, 19
Suppose 780 = 1376*g - 1379*g. What are the prime factors of g/((7/(-7))/3)?
2, 3, 5, 13
Suppose -2*x - 60 = 3*x. What are the prime factors of x/(-18) + 1126/(-12)*-4?
2, 47
Suppose 10*m + 42 = 17*m. Suppose 15*g - 3834 = m*g. What are the prime factors of g?
2, 3, 71
Suppose 5*n + 0*n = 30. Suppose 2348 + 1636 = 16*y. Suppose -n*r + y = -207. List the prime factors of r.
2, 19
Suppose -102 = -3*d + 225. Let t = 5 + -2. Suppose 58 - 7 = n - 5*q, t*q = 2*n - d. List the prime factors of n.
2, 7
List the prime factors of (-5)/(-65) + 30730/26.
2, 3, 197
Suppose -3*g - 12 = 0, 16*g + 43318 = 2*o + 14*g. List the prime factors of o.
5, 61, 71
Suppose -3*i = -3*m - 24099, 2*i + 2*m = 8540 + 7510. List the prime factors of i.
7, 31, 37
Let v be (8/(-7))/(((-30)/21)/5). Suppose v*j - 4 = -0. Let p(l) = 286*l - 9. What are the prime factors of p(j)?
277
Let p(n) = -17*n**3 + 2*n**2 - 65*n - 290. List the prime factors of p(-8).
2, 23, 197
Suppose 0*t = t + 4*b - 11, -b + 17 = 5*t. Let n(j) = -3*j - 2 - j**t - 1058*j**2 - 2*j**3 + 1053*j**2. What are the prime factors of n(-4)?
2, 61
Suppose -2*u = -3*u + 5*o + 19, 2*u - 30 = 2*o. Let v be (5 - u/3)/(1/(-177)). List the prime factors of -2 - (2/(-1) + v).
59
Suppose 3*r = -p - 4, 2*r = 5*p + 7*r - 10. Suppose 3*o = -4*t + 256 + 570, 4*t = -p*o + 822. What are the prime factors of 4/26 + 9120/t?
2, 11
Let x = -47 + 130. Let u = 88 - x. Suppose 139 = l - 4*r, u*l = 4*r - 315 + 1090. What are the prime factors of l?
3, 53
Suppose 3*y + 116 + 148 = 0. Let n = y + 148. Suppose -398 = -n*o + 58*o. List the prime factors of o.
199
Let k be (-1 + -9605)/(-6) - (4 - 2). Let d = k + -988. What are the prime factors of d?
13, 47
Suppose 0 = -4*z - 20, 3*z + 183 = -4*t + 8*t. Let l = t + -38. What are the prime factors of l?
2
Suppose 48731 = 5*f - 2*s, -8*f + 7*f + 9743 = -2*s. List the prime factors of f.
3, 19
Suppose -5*y - 3*w + 21 = 0, -2*w = -3*y - 2*y + 11. Suppose -51*u + 49*u = l - 1533, y*u = -l + 2299. List the prime factors of u.
2, 383
Let o = 7445 + -2174. List the prime factors of o.
3, 7, 251
Let w(h) = -h**3 - 67*h**2 + 4*h + 96. List the prime factors of w(-68).
2, 139
Suppose -3*s + 4*x + 45181 = -14652, 0 = -2*s + x + 39892. List the prime factors of s.
3, 61, 109
Let w = 3767 + 5411. List the prime factors of w.
2, 13, 353
Suppose -244*u = -3*q - 247*u + 158454, 4*u + 158426 = 3*q. What are the prime factors of q?
2, 26407
Let o = 3 - 5. What are the prime factors of (14839/(-38))/(1/o)?
11, 71
Let c(f) = -f**2 - 5*f + 19. Let s be c(2). Suppose -4*a - 450 = -s*z + 120, 2*a = -2*z + 228. What are the prime factors of z?
2, 3, 19
Suppose 5*j + 5 = 5*w - 0, -2*w = j - 8. Suppose -w*b + 2*l - 6 = 0, 3*l = 6*l. What are the prime factors of (11/33)/(b/(-378))?
3, 7
Let t(f) be the second derivative of f**4/12 - 13*f**3/6 - 6*f**2 - 18*f. Suppose 4*b = 3*j - 38, -10 = 3*j - 8*j. List the prime factors of t(b).
2, 3, 13
Let x(u) = u**3 - 6*u**2 - 11*u + 9. Let y = 55 + -22. Suppose 5*f = 73 - y. What are the prime factors of x(f)?
7
Let l(h) = 98*h - 295. Let b(z) = -97*z + 295. Let k(p) = -7*b(p) - 6*l(p). List the prime factors of k(16).
3, 43
Suppose -5*z - 916 = 3*b, -4 = -3*z - 19. Let g = 172 - b. List the prime factors of g.
7, 67
Let s(m) = 39*m**3 + 2*m**2 - 9*m + 7. Let k(h) = -h**3 + 31*h**2 + 30*h + 65. Let r be k(32). What are the prime factors of s(r)?
3, 13
Let s(n) = 2*n**2 + 35*n + 48. Let r be s(-16). Suppose 25*f - 5301 - 1299 = r. What are the prime factors of f?
2, 3, 11
What are the prime factors of ((-1092)/(-126))/(-6 - 57728/(-9621))?
3, 13, 1069
Suppose -86*a - 9432 = -80*a. Let c = 2718 + a. What are the prime factors of c?
2, 3, 191
Let z(p) = 16136*p**3 + 5*p**2 + 4*p - 8. What are the prime factors of z(1)?
3, 11, 163
Let t = 15 + 3247. What are the prime factors of t?
2, 7, 233
Suppose 3*t + 857 = -3475. Let l = 2416 + t. Suppose 8*p - l = 2*p. List the prime factors of p.
2, 3
Let d(u) = 2*u**2 - 14*u - 1. Let m be d(7). Let g be (-798)/m + 0/(-11). Suppose 4*q - g = q. What are the prime factors of q?
2, 7, 19
Suppose -127 + 2 = 5*p. Let r be (-2)/5 + (565/p - 4). List the prime factors of (-33)/((r/6)/3).
2, 11
Suppose 5*r + 5*p = 68925, -3*r - 5*p = -5*r + 27549. Suppose -33*z + 44340 = r. What are the prime factors of z?
2, 463
Suppose 0 = 4*a - 5*p - 61244, 23*p - 25*p = -8. List the prime factors of a.
2, 7, 547
Suppose 26*w + 75 = 31*w. Suppose 5*p + 15 = 0, w*y - 17*y + 3*p = -1383. What are the prime factors of y?
3, 229
Suppose 9*n + 360 = -n. Let j = -37 - n. List the prime factors of j + 1 + (79 - -1).
2, 5
Suppose -5*d = -5*z - 65995, 13229 = -10*d + 11*d + 4*z. What are the prime factors of d?
5, 19, 139
Let t(j) = -1803*j + 1457. What are the prime factors of t(-5)?
2, 7, 11, 17
Let k = -6 + 30. Let v = k + -6. Suppose -v = 14*r - 16*r. What are the prime factors of r?
3
Suppose 5 + 4 = -3*o, -l + 58 = -o. Let h = 58 - l. Suppose -5*n = 3*t - 200, 224 = 4*t + h*n - 7*n. List the prime factors of t.
2, 3, 5
Let w(t) = -t**3 - 23*t**2 + 450*t + 80. List the prime factors of w(-41).
2, 743
Let y be (126/8 + -2)*8. Let j be ((-88)/(-32) - 3)*12. What are the prime factors of 1*-2*(j - y/4)?
61
Suppose -37770 - 8068 = -7*g - q, -5*g - 3*q = -32746. List the prime factors of g.
2, 1637
Let m(k) = -298*k + 387. What are the prime factors of m(-18)?
3, 71
Let u = -21 - -57. What are the prime factors of 2/3*u/(-8) + 472?
7, 67
Suppose -15*a = -5*a - 3690. Suppose -n = -2*q + a, -9*n + 753 = 4*q - 6*n. What are the prime factors of q?
2, 3, 31
Suppose -15*f = -804 - 861. Suppose -2*y = -9 + 3. Suppose 3*t + f = 2*g, -y*t - 108 = -2*g - t. What are the prime factors of g?
3, 17
Suppose 3 = -d, 3*p = p - 5*d + 65. Let n = -123 + p. Let u = n + 197. List the prime factors of u.
2, 3, 19
Let j = 19 + -5. Let c be 4/j - (-48585)/105. Suppose 0*v - c = -2*v + g, -2*g + 454 = 2*v. List the prime factors of v.
2, 5, 23
Let b = -286 + 288. Suppose 3*l = -b*n + 616, -5*l + 4*l - 4 = 0. What are the prime factors of n?
2, 157
Let b be 6128 + (-6 - 1*(-55)/5). Let n = b + -4231. What are the prime factors of n?
2, 3, 317
Suppose 2621*x = 2623*x + 596. Let a be -178 + (-4)/(12/9). Let y = a - x. List the prime factors of y.
3, 13
Let f = -204 + 100. Let z be 206/(-6) - f/78. Let n